7.
9
Calculate the greatest common divisor of 182 and 78.
26
Calculate the greatest common factor of 6 and 810.
6
What is the highest common factor of 180 and 1340?
20
Calculate the greatest common divisor of 77 and 112.
7
What is the greatest common divisor of 1 and 1286?
1
Calculate the highest common divisor of 28 and 3626.
14
What is the greatest common factor of 518 and 4?
2
Calculate the greatest common factor of 6 and 54.
6
Calculate the greatest common divisor of 26 and 3718.
26
What is the highest common factor of 918 and 34?
34
Calculate the greatest common factor of 73 and 949.
73
Calculate the highest common factor of 5786 and 88.
22
Calculate the greatest common factor of 27 and 21.
3
Calculate the highest common divisor of 163 and 2282.
163
What is the greatest common divisor of 3431 and 47?
47
Calculate the greatest common factor of 64 and 58752.
64
Calculate the highest common divisor of 4 and 2604.
4
Calculate the greatest common factor of 1916 and 4.
4
What is the highest common divisor of 12 and 8?
4
What is the highest common factor of 318 and 477?
159
What is the highest common factor of 1936 and 363?
121
Calculate the highest common factor of 22 and 1166.
22
Calculate the greatest common factor of 703 and 148.
37
What is the highest common factor of 3184 and 32?
16
What is the highest common divisor of 5 and 425?
5
What is the greatest common factor of 29341 and 1924?
481
What is the highest common factor of 288 and 128?
32
What is the highest common factor of 24 and 102?
6
Calculate the highest common divisor of 27 and 9909.
27
What is the highest common factor of 16 and 472?
8
Calculate the greatest common divisor of 387 and 1376.
43
What is the highest common divisor of 20700 and 6?
6
Calculate the greatest common divisor of 90 and 10.
10
What is the highest common divisor of 85 and 1955?
85
Calculate the highest common divisor of 832 and 13.
13
What is the greatest common divisor of 14 and 2198?
14
What is the greatest common divisor of 117 and 53937?
117
What is the highest common factor of 10 and 640?
10
What is the highest common divisor of 120 and 5?
5
Calculate the highest common divisor of 234 and 18.
18
What is the greatest common divisor of 1891 and 61?
61
Calculate the highest common factor of 25 and 1525.
25
Calculate the highest common factor of 26 and 559.
13
Calculate the greatest common divisor of 95 and 19.
19
Calculate the greatest common factor of 594 and 110.
22
What is the greatest common factor of 61 and 1769?
61
Calculate the highest common factor of 16 and 216.
8
What is the highest common factor of 18 and 12?
6
Calculate the greatest common factor of 29280 and 60.
60
Calculate the greatest common divisor of 486 and 135.
27
What is the highest common factor of 6031 and 37?
37
What is the greatest common divisor of 40 and 1000?
40
Calculate the highest common factor of 795 and 1005.
15
What is the highest common divisor of 685 and 1644?
137
What is the greatest common divisor of 4380 and 100?
20
Calculate the greatest common divisor of 254 and 30.
2
What is the greatest common divisor of 67 and 15008?
67
Calculate the greatest common factor of 19 and 6441.
19
What is the highest common factor of 288 and 2976?
96
What is the greatest common factor of 26 and 208?
26
Calculate the highest common factor of 185 and 1517.
37
What is the greatest common factor of 54 and 576?
18
What is the greatest common factor of 10 and 610?
10
Calculate the greatest common divisor of 427 and 2806.
61
What is the highest common divisor of 105 and 3885?
105
Calculate the greatest common factor of 30 and 3630.
30
Calculate the highest common divisor of 322 and 154.
14
Calculate the highest common factor of 133 and 14.
7
What is the highest common divisor of 639 and 9?
9
Calculate the highest common factor of 51 and 1005.
3
Calculate the highest common factor of 11 and 649.
11
What is the greatest common divisor of 351 and 13?
13
What is the greatest common divisor of 138 and 920?
46
Calculate the highest common divisor of 705 and 9.
3
What is the greatest common divisor of 4071 and 138?
69
What is the highest common factor of 14 and 26222?
14
What is the highest common factor of 82 and 533?
41
Calculate the highest common factor of 54 and 1296.
54
What is the greatest common factor of 507 and 819?
39
What is the highest common divisor of 2886 and 624?
78
What is the greatest common divisor of 327 and 118374?
327
Calculate the greatest common factor of 200 and 360.
40
Calculate the highest common factor of 404 and 4.
4
What is the highest common factor of 144 and 3488?
16
What is the greatest common factor of 28275 and 25?
25
What is the greatest common factor of 268 and 335?
67
Calculate the greatest common factor of 59 and 944.
59
Calculate the greatest common divisor of 713 and 23.
23
What is the highest common factor of 78 and 13?
13
Calculate the highest common factor of 2349 and 29.
29
Calculate the highest common divisor of 132 and 891.
33
What is the greatest common divisor of 6439 and 47?
47
What is the highest common divisor of 506 and 88?
22
Calculate the highest common divisor of 22 and 4279.
11
What is the greatest common factor of 41587 and 91?
91
What is the highest common factor of 10 and 40?
10
Calculate the highest common divisor of 55 and 1375.
55
Calculate the highest common divisor of 450 and 18.
18
Calculate the highest common divisor of 3 and 2103.
3
What is the greatest common factor of 1148 and 205?
41
What is the greatest common factor of 5 and 98?
1
What is the greatest common factor of 106 and 18?
2
Calculate the greatest common factor of 600 and 24.
24
Calculate the greatest common divisor of 317 and 1.
1
What is the greatest common factor of 10430 and 14?
14
Calculate the greatest common factor of 13 and 16.
1
Calculate the greatest common factor of 8536 and 11.
11
Calculate the highest common factor of 80 and 10760.
40
What is the highest common divisor of 1152 and 954?
18
Calculate the highest common factor of 15 and 255.
15
Calculate the highest common divisor of 105 and 147.
21
What is the highest common divisor of 1079 and 166?
83
What is the greatest common divisor of 637 and 49?
49
Calculate the greatest common divisor of 92 and 324.
4
Calculate the highest common factor of 19 and 5567.
19
Calculate the highest common divisor of 516 and 384.
12
What is the highest common divisor of 21 and 3129?
21
Calculate the greatest common factor of 163 and 16463.
163
Calculate the greatest common factor of 1533 and 63.
21
What is the greatest common divisor of 1176 and 24?
24
Calculate the highest common factor of 713 and 368.
23
What is the highest common factor of 4362 and 24?
6
Calculate the greatest common divisor of 6736 and 48.
16
What is the highest common divisor of 10 and 320?
10
What is the highest common divisor of 123 and 16031?
41
Calculate the highest common factor of 6490 and 99.
11
Calculate the highest common factor of 226 and 68252.
226
Calculate the highest common factor of 303 and 73629.
303
Calculate the highest common divisor of 5679 and 18.
9
What is the greatest common factor of 2563 and 11?
11
What is the highest common factor of 219 and 6789?
219
Calculate the greatest common factor of 91 and 13.
13
What is the greatest common factor of 966 and 42?
42
What is the greatest common factor of 957 and 580?
29
What is the highest common divisor of 96000 and 375?
375
What is the greatest common factor of 14 and 21?
7
Calculate the greatest common factor of 248 and 16.
8
What is the greatest common divisor of 30 and 10390?
10
Calculate the highest common factor of 15 and 30.
15
Calculate the greatest common factor of 5352 and 12.
12
What is the highest common divisor of 8 and 43048?
8
Calculate the greatest common divisor of 513 and 54.
27
Calculate the highest common divisor of 46 and 6026.
46
Calculate the highest common divisor of 351 and 13.
13
What is the highest common divisor of 58 and 232?
58
Calculate the greatest common divisor of 162 and 66906.
162
Calculate the greatest common factor of 300 and 120.
60
What is the highest common factor of 111 and 7104?
111
What is the greatest common factor of 4 and 7092?
4
Calculate the greatest common factor of 22 and 3014.
22
